te the remainder when a is divided by d.
6
Let h = -235 - -242. Suppose 3 = -5*f + 13. Calculate the remainder when h is divided by f.
1
Suppose 6*z - 5*z = -y + 11, -3*y - 23 = -5*z. Let k(x) = 4*x + 8. Let d be k(-7). Let w = 45 + d. Calculate the remainder when w is divided by z.
4
Suppose -102 = -0*f - 2*f. Suppose 2*t - 42 = 16. Calculate the remainder when t is divided by 2/(-10) - f/(-5).
9
Suppose 2*j + 2*j - 12 = 0. Let y(u) = u**2 + 6*u - 6. Calculate the remainder when 83 is divided by y(j).
20
Let b be (6/(-21))/(3/(-21)). Let c(p) = -p**2 + 2*p + 5. What is the remainder when 8*(-3)/(-6)*3 is divided by c(b)?
2
Suppose -12 = -4*c + 8. Suppose -4*m + 4*t - 14 = -c*m, t - 86 = -4*m. Calculate the remainder when 54 is divided by m.
10
Let u(a) = 5*a - 16. Let j be u(14). Let d = j + -30. Suppose -5*w = -8*w + d. Calculate the remainder when 39 is divided by w.
7
Suppose 5*n + 174 - 639 = 0. Calculate the remainder when 90 is divided by n/(-2)*26/(-39).
28
Let j(k) = 165*k + 1016. Calculate the remainder when j(-6) is divided by 26.
0
Suppose -c + 0*c + 4*z = -4, -5*z = 4*c - 58. What is the remainder when ((-6)/(7 + 290/(-30)))/(6/184) is divided by c?
9
Suppose f = -j + 65, 4*f + j - 262 = -2*j. Calculate the remainder when f is divided by 23.
21
Suppose -10*c = -38 - 102. Let b be -3 + 5 + 1 - -1. Suppose 4*k + 4*n - 208 + 88 = 0, -k - b*n + 45 = 0. What is the remainder when k is divided by c?
11
Let l = -35 + 35. Let b(o) = o**2 + o + 21. Suppose -7*y + 3*y = -164. Calculate the remainder when y is divided by b(l).
20
Suppose -2*r = 3*s - 1661, 0*s + 2*r = -4*s + 2212. Calculate the remainder when s is divided by 79.
77
Let s = 15 - 13. Suppose s*c + 3*c + 3*n = 10, 0 = 4*c - n - 25. What is the remainder when 19 is divided by c?
4
Let r(k) = k**2 + 10*k - 9. Let s be r(-7). Let g(l) = 3*l**3 - l + 1. Calculate the remainder when g(2) is divided by s/(-9)*(-48)/(-20).
7
Let s be ((-144)/54)/((-2)/102). Let m = -130 + s. Calculate the remainder when 11 is divided by m.
5
Let i be 42/1*25/5. Let u = -141 + i. Let b = -12 + 48. Calculate the remainder when u is divided by b.
33
Calculate the remainder when ((-4)/(-5))/(-4)*(-430 + 35) is divided by 8.
7
Let x(a) = -10*a + 9. Suppose 9 = -93*r + 94*r. Calculate the remainder when x(-8) is divided by r.
8
Suppose 13*h - 7*h - 66 = 0. Suppose -4*t = h*i - 6*i - 126, 5*t - 4*i = 178. Suppose 0*q + 99 = q. What is the remainder when q is divided by t?
31
Let j(q) = 22*q**2 + 6*q - 7. Calculate the remainder when 541 is divided by j(1).
16
Suppose 5*j - 6 = -1. Let h be 15/10*(-28)/(-6). What is the remainder when (-4 - -4) + h*j is divided by 2?
1
Suppose 1525 = 2*w + 3*w. Suppose -4*l + 514 = -5*a, -l + 0*l - w = 3*a. Calculate the remainder when 10 is divided by 1/(-4) + a/(-24).
2
Let x be (-4)/10 - (-88)/20. Suppose 4*c - 11 = -2*v + 11, -2*c + x*v = -16. Calculate the remainder when 21 is divided by c.
3
Suppose 2*d + 7 = -0*d + 5*u, -5*d = -3*u - 30. Let s = -31 - -79. Let n = s - d. What is the remainder when n is divided by 20?
19
Let i be -3 - (-1*2/1 - 4). Suppose 0 = -i*p + 27 + 39. What is the remainder when p is divided by 1 - 2 - (-39)/3?
10
Suppose 4*x + 180 - 260 = 4*u, -3*u = x - 28. What is the remainder when -2*(-1)/2 + 63 is divided by x?
20
Let l(w) = -w**2 + w. Let g be l(2). Let m be 0/g*1/(-2). Suppose -5*d + 28 = 3*j, m*d = 2*j + 2*d - 20. What is the remainder when 31 is divided by j?
9
What is the remainder when 4 - 7 - 2*(-12 + -3) is divided by 11?
5
Suppose -d + 235 = 5*j, 2*j = d - 30 + 117. What is the remainder when 55 is divided by j?
9
Suppose -3*f = f - 16. Calculate the remainder when 15*((-3)/2 + 3 + (-1)/(-6)) is divided by (-1)/f - (-74)/8.
7
Let q(r) = 4*r**2 + 11*r - 4. Let v(k) = -k**2 + 1. Let c(l) = -q(l) - 6*v(l). Let p = -43 + 79. What is the remainder when p is divided by c(7)?
17
What is the remainder when 282 is divided by (-38)/(-6)*54/6?
54
What is the remainder when 35 is divided by (9 - (0 + 0))*(2 - 1)?
8
Suppose 2574 = 30*n + 9*n. Calculate the remainder when n is divided by 28.
10
Let i be (-4)/(((-1)/(-2))/(118/(-4))). Suppose -5*z + 84 = -i. What is the remainder when z is divided by 34?
30
Suppose 3*u - 2*o - 649 = -3*o, -4*u + 4*o = -844. Calculate the remainder when u is divided by 20.
15
Suppose -3*n = 9 - 48. Suppose 2*x - 14 = -2*m, 6*x = 3*m + x - n. Calculate the remainder when 11 is divided by m.
5
Suppose 2*z + 21 = f, -5*f + 0*f = -3*z - 105. Suppose -f*s + 25*s = 36. What is the remainder when 44 is divided by s?
8
Calculate the remainder when 316 is divided by (-48)/(9/(-30)*5).
28
Suppose 3*z - z = -8, -5*h - 9 = -4*z. What is the remainder when (h + 2)/((-4)/116) is divided by 46?
41
Calculate the remainder when 39 is divided by 27 - (-11 + 12 + 5).
18
Let l(r) = -8*r**3 - r**2. Let v be l(1). Let d = v + 8. Calculate the remainder when 34 - d - 0/11 is divided by 9.
8
Let s(w) = 12*w - 7. Let t be s(12). Calculate the remainder when t*(-1 - (-2 - 0)) is divided by 28.
25
Suppose -2 = 2*q - v - 53, -5*q = -3*v - 130. What is the remainder when q is divided by 7?
2
Suppose 8 - 32 = -2*p. Let c be ((-170)/(-60))/((-2)/(-12)). Suppose -13*t - 84 = -c*t. What is the remainder when t is divided by p?
9
Let c(x) = x**3 - 18*x**2 - x + 26. Let i be c(18). Suppose 11*m - i*m = 591. What is the remainder when m is divided by 51?
44
Let k = 49 + 4. Calculate the remainder when k is divided by 3 + ((-44)/4)/(-1).
11
Suppose -5*r = -5*k + 165, -2*k = 5*r - 8 - 30. What is the remainder when 114 is divided by k?
27
Let p(t) = -22*t + 2. Calculate the remainder when 225 is divided by p(-2).
41
Suppose -34*u + 3415 = 1103. Calculate the remainder when u is divided by 15.
8
Let h(t) = -53*t + 1. Let z = 1093 - 1065. What is the remainder when h(-1) is divided by z?
26
Let u = -11 - -32. Let z = 9 + u. Suppose 2*t - 84 - z = 0. What is the remainder when t is divided by 15?
12
Suppose 2*l - 3*q - 14 = -q, 5*l + 5*q = 55. What is the remainder when 70 is divided by 6/(1 + 1) + l?
10
Let z(a) = -4*a + 7. Let u be z(-8). Suppose -5*q + 144 = u. Calculate the remainder when q is divided by 5.
1
Let n(b) = b**3 + 17*b**2 - 3*b - 27. What is the remainder when 88 is divided by n(-17)?
16
Suppose 0 = 17*p - 234 - 191. What is the remainder when p is divided by 10?
5
Let s(l) = -l**3 + l**2 - 3*l - 5. Calculate the remainder when 38 is divided by s(-2).
12
Calculate the remainder when 559 is divided by 0 - (-2)/5 - (-8280)/300.
27
Let o = 193 - 188. Suppose 3*p + 575 = o*d + 5*p, -319 = -3*d + 4*p. What is the remainder when d is divided by 182/8 - (-2)/8?
21
Suppose -42 = -o - 5*q, -4*q = -264 + 240. Let n = 15 - -2. Suppose -3*t - 2*l = -n, 0*l = 5*t - 2*l - 23. Calculate the remainder when o is divided by t.
2
Suppose 3*l - 2*n = 75, -4*n = -4*l + 112 - 12. Suppose g + 101 = 4*x + 6*g, 0 = -g + 1. Calculate the remainder when (-12)/x - (-149)/2 is divided by l.
24
Suppose -2*z + 13 + 35 = 0. Calculate the remainder when 94 is divided by z.
22
Let b(z) be the third derivative of z**5/60 + z**4/8 - 4*z**3 + 18*z**2. Calculate the remainder when b(-7) is divided by 3.
1
Calculate the remainder when 27 is divided by 12/72 + (-10)/(-12) - -14.
12
Let l(t) = -t**2 - 12*t - 8. Let u(x) = -x**2 - 8*x - 13. Calculate the remainder when l(-11) is divided by u(-3).
1
Suppose -50*y - 113 + 1063 = 0. What is the remainder when 208 is divided by y?
18
Calculate the remainder when 35 is divided by (-23)/((-207)/126) - -1.
5
Suppose -p + 28 = -30. Suppose -44*x + 52*x = -28 + 148. What is the remainder when p is divided by x?
13
What is the remainder when (-264)/88*(1 - 7) is divided by 5?
3
Let j be -20 + (0 - -2) + -2. Calculate the remainder when 5/j + (-1251)/(-12) is divided by 15.
14
Let v be (13/(-39))/((-2)/306). Suppose v = -4*b + 7*b. Let l = b - -7. Calculate the remainder when l is divided by 9.
6
Suppose -a = 3*a - 416. Let n = 4 + a. Suppose -n = -2*b + 104. What is the remainder when b is divided by 27?
25
Suppose 5*w + 4*f + 83 = 0, 2*f = w + w + 44. Let p = w + 41. Let r(q) = -q**3 - 8*q**2 - q. What is the remainder when p is divided by r(-8)?
6
Let g(t) = t**2 + 22*t + 45. Let s be g(-13). Let n = s + 75. Suppose -3*c + 16 = 4. 